) + 16)/1. Suppose -4*i - o = 3*p, -3*i = i - 5*p - 25. Suppose 3*v - 4*m - 53 = 0, i*v = -5*v + 5*m + 80. List the prime factors of v.
11
Suppose 5*y + 320 = 10*y. List the prime factors of y.
2
Suppose -12*i - 444 = -14*i. List the prime factors of i.
2, 3, 37
What are the prime factors of (-4)/(((-18)/6)/258)?
2, 43
Let a be (12/9)/((-4)/(-6)). Suppose -3 = -a*l + 3. Suppose 4*k = l*p - 21, 5*k = -3*p + 10 + 11. What are the prime factors of p?
7
Let z = -55 + 71. List the prime factors of z.
2
Suppose 0*v - 64 = -4*v. Suppose v = -3*i - i + 4*f, -3*i + 5*f - 18 = 0. What are the prime factors of (-14)/(-4) + i/2?
3
Let t(q) = -q + 7. Let c be t(5). Let a be (c - (-1)/(-1))*22. What are the prime factors of a/(-4)*(-2 + 0)?
11
Let u be 135/10*(-2)/(-3). Let m = u - 6. What are the prime factors of m?
3
Let l be (-2)/(-8) + 106/(-8). Suppose 0 = 4*t - 19 - 61. Let c = l + t. What are the prime factors of c?
7
Let j(l) = -l**2 - 11*l - 2. Let o(d) = d + 5. Let m be ((-13)/(-4))/(2/(-8)). Let u be o(m). What are the prime factors of j(u)?
2, 11
Suppose -77 = -3*s - 4*x, -11 = 5*x + 9. List the prime factors of s.
31
List the prime factors of (-590)/(-25) + 2/5.
2, 3
Let h(z) = -z**3 - 2*z**2 + 2*z - 4. Suppose 0 = -2*x - 3*n - n - 4, -7 = 2*x + n. What are the prime factors of h(x)?
2, 5
Let c(j) = -j**2 - 28*j + 28. What are the prime factors of c(-21)?
5, 7
Let y(u) = -u**3 - 7*u**2 - u - 3. Let j = 4 - 11. Let r be y(j). List the prime factors of ((-19)/(-4))/(1/r).
19
Suppose -10 = 3*m + 5*r + 12, 0 = -2*r - 4. Let d = m + 13. List the prime factors of d.
3
Let u(k) = -101*k + 1. Let l be u(1). What are the prime factors of l/(-3) + (-2)/(-3)?
2, 17
Let h(f) = 2*f**2 - 6*f + 1. Suppose -3*o - 8 = -o. What are the prime factors of h(o)?
3, 19
Suppose 3*x - 11 = n, 22 = 5*x - n + 5. Suppose 0*v + 38 = 5*v + 4*g, -5*g = -3*v + 45. Let o = v + x. List the prime factors of o.
13
Suppose 3*v - 5 = -5*d, 5*d + 30 = v + 3*v. Suppose 0 = -0*t - 3*t + 2*r + 43, -4*t + 50 = r. Let f = t + d. List the prime factors of f.
11
Suppose k - 4 = -o, 0 = o + 3*k - 1 - 1. Let g be (-3)/6*o*2. Let u = 7 - g. List the prime factors of u.
2, 3
Let y(v) = -v**2 - 10*v - 8. Let n be y(-10). Let z(w) = 2 + 1 - w**2 + 8*w + 2*w**2. List the prime factors of z(n).
3
Suppose 468 = -9*c + 13*c. What are the prime factors of c?
3, 13
Let c = -46 - -25. Let j = 44 + c. What are the prime factors of j?
23
Let r(y) = 4*y + 1. Let w be r(1). Let d be 1/((w - 2)/(-24)). Let v = d - -15. What are the prime factors of v?
7
Suppose -2*j - 13 = -165. Suppose -j = y - 3*y. Let b = y - 27. List the prime factors of b.
11
Suppose 5*v + 4*l - 102 = 0, -l - 36 = 4*v - 122. List the prime factors of v.
2, 11
Suppose -9*l + 6*l - 18 = 0. Suppose -r - 60 = 3*r. What are the prime factors of r/l*12/10?
3
Let l(b) = -b**2 + b + 1. Let n(o) = -o**3 + 3*o**2 + 2*o + 1. Let z(y) = 3*l(y) - n(y). List the prime factors of z(6).
2
Suppose j - 4*j = -2*y - 143, -4*y + 209 = 5*j. Suppose -11 - j = -4*t. List the prime factors of t.
2, 7
Let j = 11 - -29. List the prime factors of j.
2, 5
Let g be 3 - 0 - -14 - 3. Let u = 1 + -5. Let h = g + u. List the prime factors of h.
2, 5
What are the prime factors of ((-2)/5)/((-7)/700)?
2, 5
Let p(w) = 4*w - 1. Let t be p(-3). Let m = t - -22. What are the prime factors of m?
3
Let n be 2/(-9) - 1248/(-27). Let m = -25 + n. List the prime factors of m.
3, 7
Let b(s) = s + 8. Let c(x) = 2*x + 7. Let l(g) = -6*b(g) + 7*c(g). What are the prime factors of l(1)?
3
Let j(r) = r**2 - 6. Let i(o) = 6*o + 1. Let g be i(-1). What are the prime factors of j(g)?
19
Let g(t) = -t**2 + 17*t - 1. Let q = -11 - -26. What are the prime factors of g(q)?
29
Suppose 5*o = -5*m + 35, 0 = 2*m - 1 - 1. Suppose v = -2 + 6. Suppose -v*c - 10 = -o*c. What are the prime factors of c?
5
Suppose -3*r = -2*g - 165 - 25, 2*r - 118 = -3*g. What are the prime factors of r?
2, 31
Suppose -2*w - 7 = -5*i - 23, w = -3*i - 3. Suppose 6*z = 2*z. List the prime factors of z + (i/(-1) - 0).
2
Let j(t) = t**2 - 4. List the prime factors of j(6).
2
Let u = -2 + 14. What are the prime factors of 3 - 3*(-88)/u?
5
Suppose -144 = -3*h - 0*h. List the prime factors of h.
2, 3
Let s(i) be the third derivative of i**5/60 - i**4/24 + 4*i**2. List the prime factors of s(-1).
2
List the prime factors of 956/14 - (-4)/(-14).
2, 17
Let x = -1 + -1. Let q be 27/(-6) - 1/x. List the prime factors of (5/q)/((-4)/32).
2, 5
Let w = -144 + 276. List the prime factors of w.
2, 3, 11
Let v(f) = -f**2 - 13*f + 5. What are the prime factors of v(-10)?
5, 7
Let y be (2 + -1 + -11)/1. Let a(l) = -l**3 - 10*l**2 + 13. What are the prime factors of a(y)?
13
Let h(b) = -3*b + 27. Let g be h(11). Let t(a) = -a**3 - 6*a**2 - 3*a - 7. List the prime factors of t(g).
11
Suppose -3*m + 8*m = -4*k + 845, 5*k + 470 = 3*m. List the prime factors of m.
3, 5, 11
Let q(z) = -3*z**3 + 2*z**2 + 2*z - 1. Let l be q(2). Let a = l - -23. List the prime factors of a.
2, 5
Suppose 3*q + 4*g = -9, -5*q + 4*g = -11 - 6. Suppose f + q = 5. Suppose -4*n = -o - 11, 6*o - f*o = -6. List the prime factors of n.
2
Let x(i) be the first derivative of 11*i**3/3 + i**2/2 + 2. What are the prime factors of x(1)?
2, 3
Suppose -2*k = x - 67, 5*x + 2*k - 330 = -3*k. What are the prime factors of x?
5, 13
Suppose 2*v = -3*r + 120 + 322, -3*r - 3*v = -438. What are the prime factors of r?
2, 3, 5
Suppose 0 = -2*l + 3*b + 2*b + 19, 4*l - 13 = 5*b. List the prime factors of -5 + l + 6 + 8.
2, 3
Let h be -2 - 1/((-2)/26). List the prime factors of (-2)/((6/h)/(-3)).
11
Suppose -f + 3*f = 48. What are the prime factors of f?
2, 3
Suppose -7*l + 395 = -2*l. Suppose l = 3*u - 17. List the prime factors of u.
2
Let c be 3/(-9) - (-183)/9. Suppose b - c = 20. Let t = b - 28. List the prime factors of t.
2, 3
Let t = -27 + 57. What are the prime factors of t?
2, 3, 5
Let c = -51 + 85. List the prime factors of c.
2, 17
Suppose -s = -5*s + 180. List the prime factors of s.
3, 5
Suppose -2*i = -41 + 15. Let u = 44 - i. What are the prime factors of u?
31
Suppose 3*k - 45 = -0*k. Suppose -u + k = 4*u. What are the prime factors of u?
3
Suppose -r + 5*r = -a + 296, -4*a = r - 1214. What are the prime factors of a?
2, 19
Let k = 20 - 18. Suppose -k*h - 3*h = -2*v - 9, 2*h + 6 = 4*v. List the prime factors of h.
3
Suppose 22 - 137 = -3*x + 4*n, -x + 38 = -n. List the prime factors of x.
37
Suppose -d - 4 = -7. Suppose 2*p + 0*w - 99 = -w, -d*w + 52 = p. List the prime factors of p.
7
Suppose -5*j - 11 = -1. Let x be 25*-2*(3 + j). Let o = -35 - x. List the prime factors of o.
3, 5
Suppose w + 4*q - 71 = -2*w, 0 = 3*w + 2*q - 67. What are the prime factors of (w + 1)*(-9)/(-6)?
3, 11
Suppose -3*d + 15 = -6*d. Let m = d + 3. What are the prime factors of -8*(7/m - -3)?
2
Suppose -1 = -q - k, 4*q + 0*k + 2 = 2*k. Suppose -h + 6 - 2 = q. Suppose h*b = -0*b + 56. What are the prime factors of b?
2, 7
Suppose -128 = -4*r + 52. List the prime factors of r.
3, 5
Let w = 27 - 20. Let v = w - -28. List the prime factors of v.
5, 7
Let f be 1*-2 + 4 + 2. Suppose 0 = 4*t - 9 - 3. Suppose 0 = -m + t + f. What are the prime factors of m?
7
Let c(l) = 130*l - 3. List the prime factors of c(1).
127
Let b be -6*(-3 - (-24)/9). List the prime factors of 7 + b + 0/2.
3
Suppose 5*h - 136 = 7*h. What are the prime factors of (-10)/(4 + h/16)?
2, 5
Let w(n) = -3*n**3 - n**2 - 2*n - 1. List the prime factors of w(-1).
3
Suppose j = 3 + 1. Let i = j - -1. What are the prime factors of i?
5
Let g(v) = v + 2. Let p be g(0). Suppose -4*r - 17 = s, -2*s - p*s - 5*r = 13. Suppose 0 = 2*y + s*y - 10. List the prime factors of y.
2
Suppose -5*q + q + 4 = 0. Let j be 32 - 3 - q*-1. What are the prime factors of ((-1)/2)/((-5)/j)?
3
Let u(v) = v + 1. Let k be u(3). Suppose i + 10 = p + k*i, -5*p = 2*i - 24. Suppose -m = p*m - 10. What are the prime factors of m?
2
Let p be (-15)/(-9) + 4/(-6). Let t(d) = d**3 - 4*d**2 + p - 4 - 3*d - 2. List the prime factors of t(5).
5
Let g(m) = -m**3 + 7*m**2 + m - 2. Let o be g(7). Let c(k) = k**3 - 5*k**2 + 3*k - 3. List the prime factors of c(o).
2, 3
Let g = 152 + -79. What are the prime factors of g?
73
Suppose -2*j - 4 = 4. Let s be (2/j)/((-2)/20). Suppos